{"id":12,"date":"2025-02-27T13:23:47","date_gmt":"2025-02-27T13:23:47","guid":{"rendered":"https:\/\/newplace.ch\/?page_id=12"},"modified":"2025-03-20T10:56:17","modified_gmt":"2025-03-20T10:56:17","slug":"impressum","status":"publish","type":"page","link":"https:\/\/newplace.ch\/fr\/impressum\/","title":{"rendered":"Mentions l\u00e9gales"},"content":{"rendered":"<div data-elementor-type=\"wp-page\" data-elementor-id=\"12\" class=\"elementor elementor-12\" data-elementor-post-type=\"page\">\n\t\t\t\t<div class=\"elementor-element elementor-element-4f64b23 e-con-full e-flex e-con e-parent\" data-id=\"4f64b23\" data-element_type=\"container\" data-settings=\"{&quot;background_background&quot;:&quot;classic&quot;}\">\n\t\t\t\t<div class=\"elementor-element elementor-element-a5b522d animated-slow elementor-invisible elementor-widget elementor-widget-heading\" data-id=\"a5b522d\" data-element_type=\"widget\" data-settings=\"{&quot;_animation&quot;:&quot;fadeIn&quot;}\" data-widget_type=\"heading.default\">\n\t\t\t\t<div class=\"elementor-widget-container\">\n\t\t\t\t\t<h2 class=\"elementor-heading-title elementor-size-default\">Mentions l\u00e9gales<\/h2>\t\t\t\t<\/div>\n\t\t\t\t<\/div>\n\t\t\t\t<div class=\"elementor-element elementor-element-9bfa1fa elementor-widget elementor-widget-text-editor\" data-id=\"9bfa1fa\" data-element_type=\"widget\" data-widget_type=\"text-editor.default\">\n\t\t\t\t<div class=\"elementor-widget-container\">\n\t\t\t\t\t\t\t\t\t<div class=\"wpb_text_column wpb_content_element\"><div class=\"wpb_wrapper\"><p class=\"textgross\"><strong>Adresse de contact<\/strong><br \/>newplace ag<br \/>Grabenstrasse 8<br \/>6004 Lucerne<br \/>Suisse<br \/>info@newplace.ch<\/p><\/div><\/div><div class=\"vc_empty_space\"><strong>Personnes autoris\u00e9es \u00e0 repr\u00e9senter l'association<\/strong><\/div><div class=\"wpb_text_column wpb_content_element\"><div class=\"wpb_wrapper\"><p class=\"textgross\">Pascal Kesseli<\/p><\/div><\/div><div class=\"vc_empty_space\"><strong>Inscription au registre du commerce<\/strong><\/div><div class=\"wpb_text_column wpb_content_element\"><div class=\"wpb_wrapper\"><p class=\"textgross\">Nom de l'entreprise enregistr\u00e9e : newplace ag<br \/>Forme juridique : soci\u00e9t\u00e9 anonyme<br \/>Office du registre du commerce : Lucerne<br \/>UID : CHE-115.493.563<br \/>Num\u00e9ro de taxe sur la valeur ajout\u00e9e : CHE-115.493.563 TVA<\/p><\/div><\/div>\t\t\t\t\t\t\t\t<\/div>\n\t\t\t\t<\/div>\n\t\t\t\t<\/div>\n\t\t\t\t<\/div>","protected":false},"excerpt":{"rendered":"<p>Impressum Kontaktadressenewplace agGrabenstrasse 86004 LuzernSchweizinfo@newplace.ch Vertretungsberechtigte Personen Pascal Kesseli Handelsregistereintrag Eingetragener Firmenname: newplace agRechtsform: AktiengesellschaftHandelsregisteramt: LuzernUID: CHE-115.493.563Mehrwertsteuernummer: CHE-115.493.563 MwSt.<\/p>","protected":false},"author":2,"featured_media":0,"parent":0,"menu_order":0,"comment_status":"closed","ping_status":"closed","template":"","meta":{"_acf_changed":false,"footnotes":""},"class_list":["post-12","page","type-page","status-publish","hentry"],"acf":[],"yoast_head":"<!-- This site is optimized with the Yoast SEO plugin v27.5 - https:\/\/yoast.com\/product\/yoast-seo-wordpress\/ -->\n<title>Impressum &amp; Datenschutz &#8226; newplace<\/title>\n<meta name=\"description\" content=\"Impressum &amp; Datenschutz der newplace AG: Wir beraten und begleiten Firmen in personellen Reorganisationsprozessen: umfassend, kompetent, massgeschneidert.\" \/>\n<meta name=\"robots\" content=\"index, follow, max-snippet:-1, max-image-preview:large, max-video-preview:-1\" \/>\n<link rel=\"canonical\" href=\"https:\/\/newplace.ch\/fr\/impressum\/\" \/>\n<meta property=\"og:locale\" content=\"fr_FR\" \/>\n<meta property=\"og:type\" content=\"article\" \/>\n<meta property=\"og:title\" content=\"Impressum &amp; Datenschutz &#8226; newplace\" \/>\n<meta property=\"og:description\" content=\"Impressum &amp; Datenschutz der newplace AG: Wir beraten und begleiten Firmen in personellen Reorganisationsprozessen: umfassend, kompetent, massgeschneidert.\" \/>\n<meta property=\"og:url\" content=\"https:\/\/newplace.ch\/fr\/impressum\/\" \/>\n<meta property=\"og:site_name\" content=\"newplace\" \/>\n<meta property=\"article:modified_time\" content=\"2025-03-20T10:56:17+00:00\" \/>\n<meta name=\"twitter:card\" content=\"summary_large_image\" \/>\n<script type=\"application\/ld+json\" class=\"yoast-schema-graph\">{\"@context\":\"https:\\\/\\\/schema.org\",\"@graph\":[{\"@type\":\"WebPage\",\"@id\":\"https:\\\/\\\/newplace.ch\\\/impressum\\\/\",\"url\":\"https:\\\/\\\/newplace.ch\\\/impressum\\\/\",\"name\":\"Impressum & Datenschutz &#8226; newplace\",\"isPartOf\":{\"@id\":\"https:\\\/\\\/newplace.ch\\\/#website\"},\"datePublished\":\"2025-02-27T13:23:47+00:00\",\"dateModified\":\"2025-03-20T10:56:17+00:00\",\"description\":\"Impressum & Datenschutz der newplace AG: Wir beraten und begleiten Firmen in personellen Reorganisationsprozessen: umfassend, kompetent, massgeschneidert.\",\"breadcrumb\":{\"@id\":\"https:\\\/\\\/newplace.ch\\\/impressum\\\/#breadcrumb\"},\"inLanguage\":\"fr-FR\",\"potentialAction\":[{\"@type\":\"ReadAction\",\"target\":[\"https:\\\/\\\/newplace.ch\\\/impressum\\\/\"]}]},{\"@type\":\"BreadcrumbList\",\"@id\":\"https:\\\/\\\/newplace.ch\\\/impressum\\\/#breadcrumb\",\"itemListElement\":[{\"@type\":\"ListItem\",\"position\":1,\"name\":\"Startseite\",\"item\":\"https:\\\/\\\/newplace.ch\\\/\"},{\"@type\":\"ListItem\",\"position\":2,\"name\":\"Impressum\"}]},{\"@type\":\"WebSite\",\"@id\":\"https:\\\/\\\/newplace.ch\\\/#website\",\"url\":\"https:\\\/\\\/newplace.ch\\\/\",\"name\":\"newplace\",\"description\":\"\",\"publisher\":{\"@id\":\"https:\\\/\\\/newplace.ch\\\/#organization\"},\"potentialAction\":[{\"@type\":\"SearchAction\",\"target\":{\"@type\":\"EntryPoint\",\"urlTemplate\":\"https:\\\/\\\/newplace.ch\\\/?s={search_term_string}\"},\"query-input\":{\"@type\":\"PropertyValueSpecification\",\"valueRequired\":true,\"valueName\":\"search_term_string\"}}],\"inLanguage\":\"fr-FR\"},{\"@type\":\"Organization\",\"@id\":\"https:\\\/\\\/newplace.ch\\\/#organization\",\"name\":\"newplace AG\",\"url\":\"https:\\\/\\\/newplace.ch\\\/\",\"logo\":{\"@type\":\"ImageObject\",\"inLanguage\":\"fr-FR\",\"@id\":\"https:\\\/\\\/newplace.ch\\\/#\\\/schema\\\/logo\\\/image\\\/\",\"url\":\"https:\\\/\\\/newplace.ch\\\/wp-content\\\/uploads\\\/2025\\\/02\\\/newplace.svg\",\"contentUrl\":\"https:\\\/\\\/newplace.ch\\\/wp-content\\\/uploads\\\/2025\\\/02\\\/newplace.svg\",\"width\":345,\"height\":120,\"caption\":\"newplace AG\"},\"image\":{\"@id\":\"https:\\\/\\\/newplace.ch\\\/#\\\/schema\\\/logo\\\/image\\\/\"},\"sameAs\":[\"https:\\\/\\\/www.linkedin.com\\\/company\\\/newplace-ag\"]}]}<\/script>\n<!-- \/ Yoast SEO plugin. -->","yoast_head_json":{"title":"Impressum & Datenschutz &#8226; newplace","description":"Impressum & Datenschutz der newplace AG: Wir beraten und begleiten Firmen in personellen Reorganisationsprozessen: umfassend, kompetent, massgeschneidert.","robots":{"index":"index","follow":"follow","max-snippet":"max-snippet:-1","max-image-preview":"max-image-preview:large","max-video-preview":"max-video-preview:-1"},"canonical":"https:\/\/newplace.ch\/fr\/impressum\/","og_locale":"fr_FR","og_type":"article","og_title":"Impressum & Datenschutz &#8226; newplace","og_description":"Impressum & Datenschutz der newplace AG: Wir beraten und begleiten Firmen in personellen Reorganisationsprozessen: umfassend, kompetent, massgeschneidert.","og_url":"https:\/\/newplace.ch\/fr\/impressum\/","og_site_name":"newplace","article_modified_time":"2025-03-20T10:56:17+00:00","twitter_card":"summary_large_image","schema":{"@context":"https:\/\/schema.org","@graph":[{"@type":"WebPage","@id":"https:\/\/newplace.ch\/impressum\/","url":"https:\/\/newplace.ch\/impressum\/","name":"Impressum & Datenschutz &#8226; newplace","isPartOf":{"@id":"https:\/\/newplace.ch\/#website"},"datePublished":"2025-02-27T13:23:47+00:00","dateModified":"2025-03-20T10:56:17+00:00","description":"Impressum & Datenschutz der newplace AG: Wir beraten und begleiten Firmen in personellen Reorganisationsprozessen: umfassend, kompetent, massgeschneidert.","breadcrumb":{"@id":"https:\/\/newplace.ch\/impressum\/#breadcrumb"},"inLanguage":"fr-FR","potentialAction":[{"@type":"ReadAction","target":["https:\/\/newplace.ch\/impressum\/"]}]},{"@type":"BreadcrumbList","@id":"https:\/\/newplace.ch\/impressum\/#breadcrumb","itemListElement":[{"@type":"ListItem","position":1,"name":"Startseite","item":"https:\/\/newplace.ch\/"},{"@type":"ListItem","position":2,"name":"Impressum"}]},{"@type":"WebSite","@id":"https:\/\/newplace.ch\/#website","url":"https:\/\/newplace.ch\/","name":"newplace","description":"","publisher":{"@id":"https:\/\/newplace.ch\/#organization"},"potentialAction":[{"@type":"SearchAction","target":{"@type":"EntryPoint","urlTemplate":"https:\/\/newplace.ch\/?s={search_term_string}"},"query-input":{"@type":"PropertyValueSpecification","valueRequired":true,"valueName":"search_term_string"}}],"inLanguage":"fr-FR"},{"@type":"Organization","@id":"https:\/\/newplace.ch\/#organization","name":"newplace AG","url":"https:\/\/newplace.ch\/","logo":{"@type":"ImageObject","inLanguage":"fr-FR","@id":"https:\/\/newplace.ch\/#\/schema\/logo\/image\/","url":"https:\/\/newplace.ch\/wp-content\/uploads\/2025\/02\/newplace.svg","contentUrl":"https:\/\/newplace.ch\/wp-content\/uploads\/2025\/02\/newplace.svg","width":345,"height":120,"caption":"newplace AG"},"image":{"@id":"https:\/\/newplace.ch\/#\/schema\/logo\/image\/"},"sameAs":["https:\/\/www.linkedin.com\/company\/newplace-ag"]}]}},"_links":{"self":[{"href":"https:\/\/newplace.ch\/fr\/wp-json\/wp\/v2\/pages\/12","targetHints":{"allow":["GET"]}}],"collection":[{"href":"https:\/\/newplace.ch\/fr\/wp-json\/wp\/v2\/pages"}],"about":[{"href":"https:\/\/newplace.ch\/fr\/wp-json\/wp\/v2\/types\/page"}],"author":[{"embeddable":true,"href":"https:\/\/newplace.ch\/fr\/wp-json\/wp\/v2\/users\/2"}],"replies":[{"embeddable":true,"href":"https:\/\/newplace.ch\/fr\/wp-json\/wp\/v2\/comments?post=12"}],"version-history":[{"count":10,"href":"https:\/\/newplace.ch\/fr\/wp-json\/wp\/v2\/pages\/12\/revisions"}],"predecessor-version":[{"id":4504,"href":"https:\/\/newplace.ch\/fr\/wp-json\/wp\/v2\/pages\/12\/revisions\/4504"}],"wp:attachment":[{"href":"https:\/\/newplace.ch\/fr\/wp-json\/wp\/v2\/media?parent=12"}],"curies":[{"name":"wp","href":"https:\/\/api.w.org\/{rel}","templated":true}]}}

Mentions légales

<div data-elementor-type="wp-page" data-elementor-id="12" class="elementor elementor-12" data-elementor-post-type="page">
				<div class="elementor-element elementor-element-4f64b23 e-con-full e-flex e-con e-parent" data-id="4f64b23" data-element_type="container" data-settings="{&quot;background_background&quot;:&quot;classic&quot;}">
				<div class="elementor-element elementor-element-a5b522d animated-slow elementor-invisible elementor-widget elementor-widget-heading" data-id="a5b522d" data-element_type="widget" data-settings="{&quot;_animation&quot;:&quot;fadeIn&quot;}" data-widget_type="heading.default">
				<div class="elementor-widget-container">
					<h2 class="elementor-heading-title elementor-size-default">Mentions légales</h2>				</div>
				</div>
				<div class="elementor-element elementor-element-9bfa1fa elementor-widget elementor-widget-text-editor" data-id="9bfa1fa" data-element_type="widget" data-widget_type="text-editor.default">
				<div class="elementor-widget-container">
									<div class="wpb_text_column wpb_content_element"><div class="wpb_wrapper"><p class="textgross"><strong>Adresse de contact</strong><br />newplace ag<br />Grabenstrasse 8<br />6004 Lucerne<br />Suisse<br />info@newplace.ch</p></div></div><div class="vc_empty_space"><strong>Personnes autorisées à représenter l'association</strong></div><div class="wpb_text_column wpb_content_element"><div class="wpb_wrapper"><p class="textgross">Pascal Kesseli</p></div></div><div class="vc_empty_space"><strong>Inscription au registre du commerce</strong></div><div class="wpb_text_column wpb_content_element"><div class="wpb_wrapper"><p class="textgross">Nom de l'entreprise enregistrée : newplace ag<br />Forme juridique : société anonyme<br />Office du registre du commerce : Lucerne<br />UID : CHE-115.493.563<br />Numéro de taxe sur la valeur ajoutée : CHE-115.493.563 TVA</p></div></div>								</div>
				</div>
				</div>
				</div>
